{"id":2,"date":"2023-08-23T01:53:27","date_gmt":"2023-08-23T01:53:27","guid":{"rendered":"http:\/\/chicavainilla.com\/?page_id=2"},"modified":"2023-08-28T15:05:33","modified_gmt":"2023-08-28T22:05:33","slug":"sobre-mi","status":"publish","type":"page","link":"https:\/\/chicavainilla.com\/index.php\/sobre-mi\/","title":{"rendered":"UN CUENTO SOBRE M\u00cd"},"content":{"rendered":"\n<div class=\"wp-block-group\"><div class=\"wp-block-group__inner-container is-layout-constrained wp-block-group-is-layout-constrained\">\n<p><strong><font style=\"vertical-align: inherit;\"><font style=\"vertical-align: inherit;\">Era una tarde soleada de abril, una ni\u00f1a toma<\/font><\/font>ba la bicicleta emocionada, se dirigi\u00f3 a casa de su maestra de cuarto grado de primaria para mostrarle su libro de poes\u00edas, empapado de pegamento por las arduas y sofisticadas decoraciones con conchitas de mar.<\/strong><\/p>\n\n\n\n<p><font style=\"vertical-align: inherit;\"><font style=\"vertical-align: inherit;\"><strong><font style=\"vertical-align: inherit;\"><font style=\"vertical-align: inherit;\">\u00a0Cuando la maestra lo tom\u00f3 en sus manos se dibuj\u00f3 una sonrisa en su rostro, lo ley\u00f3 y le dijo a la ni\u00f1a: \u201cque bonitos tus poemas, creo que tienes talento, deber\u00edas continuar <\/font><\/font>haci\u00e9ndolo<font style=\"vertical-align: inherit;\"><font style=\"vertical-align: inherit;\"> y vas a ver como cada vez lo vas a hacer mejor\u201d.<\/font><\/font><\/strong><\/font><\/font><\/p>\n\n\n\n<p><strong>La ni\u00f1a al escuchar est\u00e1s palabras se emocion\u00f3 much\u00edsimo, pero al mismo tiempo al escuchar la frase \u201clo vas a hacer mejor\u201d fue un peque\u00f1o pinchazo en el coraz\u00f3n al pensar: \u00bfc\u00f3mo podr\u00eda ser mejor?, no se imaginaba poder ser mejor, \u00bfcu\u00e1nto tiempo falta para ser mejor?, \u00bfcu\u00e1ndo voy a ser mejor?<\/strong><\/p>\n\n\n\n<p><strong>Al llegar a casa, se lo mostr\u00f3 a su madre con la esperanza de encontrar respuestas a trav\u00e9s de su reacci\u00f3n ante tal obra de arte, que aunque no era la piedra angular creadora del inicio de la historia po\u00e9tica, si era la primer creaci\u00f3n y la primer piedra colocada en los cimientos de aquel castillo lleno de fantas\u00eda que estaba a punto de construirse; al ver la indiferencia por parte de su madre, la ni\u00f1a simplemente guardo su primer libro de poemas, ya casi duro de tanto pegamento, en el rinc\u00f3n de un closet de alguna habitaci\u00f3n.<\/strong><\/p>\n\n\n\n<p><strong>A\u00f1os m\u00e1s tarde, los v\u00e1stagos que en el invierno se congelaban, florecieron en primavera, y el tiempo lleg\u00f3, la madurez hizo su aparici\u00f3n solemnemente y sin pena, el tiempo de ser mejor hab\u00eda llegado, las habilidades estaban presentes, pero la ni\u00f1a ya no exist\u00eda.<\/strong><\/p>\n\n\n\n<p><strong>Muchos a\u00f1os despu\u00e9s, muchos, muchos, muchos a\u00f1os despu\u00e9s, espera no tantos, a\u00fan conserva algo de juventud, una chispa se encendi\u00f3 en su coraz\u00f3n, el arte, la pintura, la fotograf\u00eda, la poes\u00eda, la escritura, se hab\u00edan convertido en un pasatiempo que sanaba su coraz\u00f3n y que, en muchas ocasiones, le salvaba de s\u00ed misma.<\/strong><\/p>\n\n\n\n<p><strong>Chica Vainilla eligi\u00f3 como nombre para crear un lugar seguro, un espacio digital para dejar huella de sus fotos, poemas y lo que pudiera confortar su lado art\u00edstico.<\/strong><\/p>\n\n\n\n<p><strong>Dicen que los maestros son como gu\u00edas que nos ponen alas para desarrollar nuestro mayor potencial y comenzar a volar, de nuevo una maestra hab\u00eda llegado a su vida, despert\u00f3 a la ni\u00f1a que se encontraba dormida, la cual lo hizo llena de emociones y de energ\u00eda, incitando a la mujer, llen\u00e1ndola de preguntas: \u00bfpor qu\u00e9 no?, \u00bfpor qu\u00e9 no crear un blog para escribir todo poema o todo lo que desee?, \u00bfPor qu\u00e9 no aprovechar la oportunidad y las herramientas?, y es as\u00ed como comenz\u00f3 est\u00e1 historia.<\/strong><\/p>\n\n\n\n<p><strong>\u201cDe nuevo\u201d \u2026<\/strong><\/p>\n<\/div><\/div>\n","protected":false},"excerpt":{"rendered":"<p>Era una tarde soleada de abril, una ni\u00f1a tomaba la bicicleta emocionada, se dirigi\u00f3 a casa de su maestra de cuarto grado de primaria para mostrarle su libro de poes\u00edas, empapado de pegamento por las arduas y sofisticadas decoraciones con conchitas de mar. \u00a0Cuando la maestra lo tom\u00f3 en sus manos se dibuj\u00f3 una sonrisa [&hellip;]<\/p>\n","protected":false},"author":1,"featured_media":91,"parent":0,"menu_order":0,"comment_status":"closed","ping_status":"open","template":"","meta":{"om_disable_all_campaigns":false,"_monsterinsights_skip_tracking":false,"_monsterinsights_sitenote_active":false,"_monsterinsights_sitenote_note":"","_monsterinsights_sitenote_category":0,"footnotes":""},"class_list":["post-2","page","type-page","status-publish","has-post-thumbnail","hentry"],"aioseo_notices":[],"_links":{"self":[{"href":"https:\/\/chicavainilla.com\/index.php\/wp-json\/wp\/v2\/pages\/2","targetHints":{"allow":["GET"]}}],"collection":[{"href":"https:\/\/chicavainilla.com\/index.php\/wp-json\/wp\/v2\/pages"}],"about":[{"href":"https:\/\/chicavainilla.com\/index.php\/wp-json\/wp\/v2\/types\/page"}],"author":[{"embeddable":true,"href":"https:\/\/chicavainilla.com\/index.php\/wp-json\/wp\/v2\/users\/1"}],"replies":[{"embeddable":true,"href":"https:\/\/chicavainilla.com\/index.php\/wp-json\/wp\/v2\/comments?post=2"}],"version-history":[{"count":6,"href":"https:\/\/chicavainilla.com\/index.php\/wp-json\/wp\/v2\/pages\/2\/revisions"}],"predecessor-version":[{"id":104,"href":"https:\/\/chicavainilla.com\/index.php\/wp-json\/wp\/v2\/pages\/2\/revisions\/104"}],"wp:featuredmedia":[{"embeddable":true,"href":"https:\/\/chicavainilla.com\/index.php\/wp-json\/wp\/v2\/media\/91"}],"wp:attachment":[{"href":"https:\/\/chicavainilla.com\/index.php\/wp-json\/wp\/v2\/media?parent=2"}],"curies":[{"name":"wp","href":"https:\/\/api.w.org\/{rel}","templated":true}]}}